mber?
True
Is 202334471 composite?
False
Is 207801610429 a composite number?
True
Is 336007383 a prime number?
False
Is 1788046487 a composite number?
True
Is 5921920591 composite?
False
Is 12875791323 prime?
False
Is 2488148551 prime?
False
Is 4289121623 a prime number?
True
Is 2059347039 a prime number?
False
Is 510035338 a composite number?
True
Is 1101907589 composite?
False
Is 37279719989 a prime number?
True
Is 2556212317 prime?
True
Is 4372791053 a prime number?
True
Is 26858024647 a prime number?
True
Is 553967503 a prime number?
False
Is 298153501 composite?
False
Is 46296831811 prime?
True
Is 1744347247 composite?
True
Is 1064418007 composite?
False
Is 51376533973 composite?
False
Is 33086175691 composite?
False
Is 886809907 a prime number?
False
Is 113666422747 composite?
False
Is 320925221 composite?
True
Is 6371431471 a prime number?
False
Is 7384670303 composite?
False
Is 14526382097 a composite number?
False
Is 10796532638 composite?
True
Is 2947033153 a prime number?
True
Is 14066315743 composite?
False
Is 1519881049 a prime number?
False
Is 2660002673 composite?
False
Is 491359637 a composite number?
True
Is 19083507943 composite?
False
Is 1184709961 composite?
True
Is 204540091021 a prime number?
False
Is 358576499 a prime number?
False
Is 8235816521 a composite number?
False
Is 5191140677 a prime number?
False
Is 9048030995 composite?
True
Is 19628569703 a prime number?
False
Is 16483614391 prime?
True
Is 19355655959 a composite number?
True
Is 35569433923 prime?
True
Is 74282982209 composite?
True
Is 25322673421 a prime number?
False
Is 2965679323 a composite number?
True
Is 267452651 composite?
False
Is 9326793353 composite?
True
Is 602335507 a prime number?
False
Is 819548279 prime?
False
Is 43519488119 a prime number?
False
Is 409488179 a composite number?
True
Is 35038043767 a prime number?
True
Is 37142612999 composite?
False
Is 13047953729 composite?
True
Is 64300347889 a prime number?
False
Is 11219289343 a composite number?
True
Is 35072405959 a composite number?
True
Is 45000757 prime?
False
Is 9986895283 composite?
False
Is 13450009609 prime?
True
Is 3960082649 composite?
False
Is 5416718899 a prime number?
True
Is 5419277693 composite?
False
Is 20136093841 a composite number?
True
Is 222706786 composite?
True
Is 4994879663 prime?
False
Is 1347959243 prime?
True
Is 464821241 a prime number?
True
Is 257181707 composite?
False
Is 7694806843 composite?
True
Is 62259304201 composite?
False
Is 18361685071 prime?
True
Is 2558380777 a composite number?
False
Is 376599071 composite?
True
Is 1300298851 a prime number?
False
Is 12567028169 a prime number?
False
Is 983319191 a prime number?
True
Is 842089247 a prime number?
False
Is 2833554661 prime?
False
Is 625769114 a prime number?
False
Is 14001960157 composite?
True
Is 505237361 prime?
True
Is 1182818909 a composite number?
True
Is 191717179961 composite?
False
Is 26882147 composite?
True
Is 16322792219 prime?
True
Is 10436629399 composite?
True
Is 84785286947 prime?
True
Is 21848835329 prime?
False
Is 40175651 a prime number?
False
Is 34277473 composite?
True
Is 7802141677 prime?
False
Is 1245305381 prime?
False
Is 665463319 prime?
False
Is 393682309 a prime number?
True
Is 22125950807 prime?
False
Is 23946927349 prime?
True
Is 26541773077 a prime number?
True
Is 5116588937 a prime number?
True
Is 1181280263 a composite number?
False
Is 9701459773 a composite number?
False
Is 19047993581 a prime number?
False
Is 45968083001 prime?
False
Is 9930097883 prime?
False
Is 41646913669 composite?
False
Is 25973990813 composite?
False
Is 22024242329 a composite number?
False
Is 45279054629 prime?
True
Is 313421263 a prime number?
True
Is 14199476893 prime?
False
Is 21293667793 prime?
True
Is 45877829 a composite number?
False
Is 138297210713 a composite number?
False
Is 101734727281 composite?
True
Is 65082171457 a prime number?
True
Is 2940768527 composite?
True
Is 49803959501 prime?
True
Is 319541689 composite?
True
Is 33641575003 composite?
False
Is 28999029937 a composite number?
False
Is 1425066941 composite?
False
Is 14576340721 prime?
True
Is 1109602381 prime?
True
Is 18903284159 composite?
False
Is 5434119077 prime?
False
Is 10814179303 a prime number?
True
Is 867182177 composite?
True
Is 44546810261 a composite number?
False
Is 178248449 composite?
True
Is 12323715631 prime?
True
Is 28211336189 a composite number?
False
Is 582442007 prime?
False
Is 20459977763 composite?
True
Is 51329207 prime?
True
Is 55716174103 composite?
True
Is 2431811989 a prime number?
False
Is 577388467 a composite number?
True
Is 22654183397 a composite number?
False
Is 240827729 composite?
True
Is 638549083 prime?
False
Is 68378506981 composite?
True
Is 2654963263 a composite number?
True
Is 17723935085 prime?
False
Is 6262681231 a composite number?
True
Is 1005796949 prime?
False
Is 3014600081 a composite number?
False
Is 20441905817 a prime number?
False
Is 39510351377 composite?
True
Is 16415130115 composite?
True
Is 57535519 prime?
False
Is 2314487 prime?
False
Is 535031141 a composite number?
False
Is 12210424021 prime?
True
Is 4575250829 a composite number?
False
Is 42112036723 composite?
True
Is 4082934181 prime?
True
Is 39542383 a composite number?
False
Is 1806768377 a composite number?
False
Is 97820981113 a composite number?
True
Is 908067689 composite?
True
Is 42042674743 composite?
False
Is 1528836521 prime?
True
Is 59439197 composite?
True
Is 1609868641 a composite number?
False
Is 377951074 composite?
True
Is 1321812677 a composite number?
False
Is 96153231 a composite number?
True
Is 21974822957 a composite number?
False
Is 158619828427 composite?
True
Is 1230464591 a prime number?
True
Is 236891617 prime?
False
Is 812360401 prime?
False
Is 21081851533 prime?
True
Is 5014992849 a composite number?
True
Is 6587532781 a composite number?
False
Is 7661514841 a prime number?
True
Is 235323608707 composite?
True
Is 6727387613 a composite number?
False
Is 843272089 a prime number?
False
Is 639150503 a composite number?
True
Is 16940005639 a prime number?
False
Is 555926411 a composite number?
False
Is 236433313 prime?
True
Is 45567786991 prime?
False
Is 53834749 composite?
False
Is 8731422677 a composite number?
False
Is 891911837 composite?
True
Is 61639603 a prime number?
False
Is 7788278569 a composite number?
True
Is 1891084093 prime?
True
Is 22291175891 a composite number?
False
Is 15633581533 composite?
True
Is 209292323 a prime number?
True
Is 99090129793 a composite number?
True
Is 193597757 composite?
False
Is 166405339 a prime number?
True
Is 223894837 a composite number?
False
Is 7010805319 prime?
False
Is 14904955817 a prime number?
True
Is 256472053 prime?
True
Is 80439269 prime?
True
Is 761565547 composite?
False
Is 30448031123 composite?
True
Is 123321551 a composite number?
False
Is 42168526837 composite?
False
Is 2685050281 a composite number?
True
Is 7512071947 composite?
True
Is 84901499 a prime number?
True
Is 95308571453 a composite number?
False
Is 70984337 composite?
True
Is 78001641923 composite?
False
Is 5508788941 a prime number?
True
Is 930003467 a prime number?
True
Is 4705757 a prime number?
False
Is 2408211979 a composite number?
False
Is 1952131919 a prime number?
True
Is 17386835887 prime?
True
Is 3591064427 a composite number?
False
Is 101917069 composite?
False
Is 54188371639 composite?
False
Is 1968750419 a prime number?
True
Is 612725011 prime?
True
Is 189018836099 a prime number?
True
Is 161663417 prime?
False
Is 1040909267 composite?
True
Is 15366897247 composite?
True
Is 19897203115 prime?
False
Is 432612377 prime?
True
Is 6512551073 a prime number?
False
Is 51014477 a composite number?
True
Is 10955015809 composite?
True
Is 2590722074 a prime number?
False
Is 615912679 composite?
True
Is 102161682541 a prime number?
False
Is 4395170309 a composite number?
True
Is 343760839 prime?
False
Is 15856936217 a prime number?
True
Is 142537277 prime?
True
Is 1099566323 a prime number?
False
Is 23959063781 a prime number?
False
Is 6446615879 a prime number?
False
Is 1027443797 composite?
True
Is 19186828111 composite?
True
Is 859497193 a composite number?
False
Is 73865479 a prime number?
True
Is 18384600497 a composite number?
False
Is 3568734271 p